 number?
False
Is 332133673 composite?
True
Is 1078236713 a composite number?
True
Is 991024921 prime?
True
Is 10640767078 composite?
True
Is 19101070933 prime?
False
Is 2982701171 a prime number?
True
Is 274234357 composite?
False
Is 67550320133 composite?
True
Is 2879017117 composite?
False
Is 1102517783 a prime number?
True
Is 228587717 composite?
False
Is 2581015139 composite?
False
Is 4768624057 a composite number?
False
Is 628223381 composite?
True
Is 39051851771 a prime number?
True
Is 3772364339 prime?
False
Is 5094164531 a composite number?
True
Is 7682646731 prime?
True
Is 1812711697 a composite number?
False
Is 19466147 composite?
True
Is 1082718241 a prime number?
False
Is 91551721 prime?
False
Is 159055314519 a prime number?
False
Is 6878284135 a prime number?
False
Is 3341280086 a prime number?
False
Is 1122244283 composite?
False
Is 13840292173 a prime number?
True
Is 179358180109 prime?
True
Is 7877522267 composite?
False
Is 1352819683 a composite number?
False
Is 2720646767 prime?
True
Is 7878446483 composite?
True
Is 38951152241 composite?
True
Is 5552577713 a prime number?
False
Is 9472541339 prime?
False
Is 242621471 a composite number?
False
Is 36620587 composite?
False
Is 102567709493 prime?
False
Is 71881723 a prime number?
True
Is 121281402953 a composite number?
False
Is 3020481419 a composite number?
True
Is 1048505047 a prime number?
True
Is 1994244743 a composite number?
False
Is 263076910879 prime?
False
Is 32594321 composite?
True
Is 213031837 a composite number?
False
Is 217845318359 a prime number?
False
Is 5869276394 a prime number?
False
Is 18475311307 a composite number?
False
Is 48218491873 composite?
True
Is 3242066557 prime?
True
Is 5416508921 prime?
False
Is 272978443 composite?
True
Is 16009182569 a prime number?
False
Is 948505507 prime?
False
Is 3928243427 prime?
True
Is 2137713913 a composite number?
False
Is 3260558069 a composite number?
True
Is 5145142397 a prime number?
True
Is 2732017241 prime?
True
Is 1269651701 a composite number?
False
Is 30936462229 a prime number?
False
Is 33314077487 a composite number?
False
Is 12037559691 a prime number?
False
Is 14046784519 a composite number?
False
Is 39805947217 a composite number?
False
Is 509255671 a prime number?
True
Is 843363043 composite?
False
Is 12267816529 a prime number?
True
Is 23584059509 a composite number?
False
Is 1355606837 a composite number?
True
Is 16476039841 composite?
False
Is 1327699141 composite?
True
Is 78743113 composite?
False
Is 85866953 a composite number?
True
Is 217375309279 a composite number?
False
Is 345402041 a prime number?
False
Is 1159683901 composite?
True
Is 9824049551 composite?
False
Is 452713813 a composite number?
False
Is 227861805811 a prime number?
False
Is 17393078161 a prime number?
True
Is 498687053 prime?
False
Is 4182267829 prime?
False
Is 6449098897 prime?
True
Is 91144969297 composite?
False
Is 3215219479 prime?
True
Is 65097219809 prime?
True
Is 268349833 a composite number?
False
Is 9187763119 composite?
False
Is 2934598907 a prime number?
False
Is 60549852059 composite?
False
Is 69843935017 a prime number?
True
Is 569524957 prime?
True
Is 10853773741 composite?
True
Is 22379426587 a composite number?
True
Is 23547581051 composite?
True
Is 21099883711 a composite number?
False
Is 1090226351 composite?
False
Is 4500147517 a prime number?
True
Is 7969319311 prime?
False
Is 2624201239 a prime number?
False
Is 2284167667 prime?
True
Is 25468188643 a prime number?
True
Is 5246000729 a composite number?
False
Is 3702078739 composite?
False
Is 62648099 composite?
False
Is 5847807739 prime?
False
Is 13035254249 a composite number?
False
Is 38783991877 composite?
False
Is 1246585247 prime?
True
Is 10778300077 composite?
False
Is 185745229 prime?
True
Is 41251216191 composite?
True
Is 49869598159 a composite number?
True
Is 6231216851 composite?
True
Is 82184593021 a composite number?
True
Is 2902274237 a composite number?
False
Is 2937351437 a prime number?
False
Is 1999306031 a prime number?
False
Is 2061168047 prime?
False
Is 12872564851 prime?
True
Is 5467355753 a composite number?
False
Is 58271940037 a prime number?
False
Is 2344539129 a composite number?
True
Is 68741034469 a prime number?
True
Is 1286068153 a prime number?
True
Is 32500246847 a composite number?
True
Is 31657799 composite?
False
Is 1389784559 a prime number?
True
Is 2312413703 a prime number?
False
Is 41076631987 a composite number?
True
Is 12766443959 composite?
True
Is 115945677455 composite?
True
Is 14527682789 prime?
False
Is 3182072501 composite?
False
Is 1381026217 prime?
True
Is 65590508783 composite?
True
Is 4291602697 prime?
True
Is 21664137265 composite?
True
Is 2262512489 prime?
False
Is 192589409 a prime number?
False
Is 9041128919 a prime number?
True
Is 8710701137 prime?
True
Is 705983023 prime?
False
Is 4290983809 composite?
True
Is 22417044329 a composite number?
False
Is 3629743267 a prime number?
False
Is 13177270913 a composite number?
True
Is 1435194083 composite?
False
Is 37978462271 prime?
True
Is 10010192219 composite?
False
Is 1478123419 a composite number?
True
Is 316208161 prime?
True
Is 44644778657 a prime number?
True
Is 1336182886 a prime number?
False
Is 4774868383 composite?
False
Is 24528449587 prime?
False
Is 25595955937 prime?
False
Is 957860759 composite?
True
Is 31170513749 a prime number?
False
Is 3137320345 a prime number?
False
Is 1039704553 prime?
True
Is 8836598467 a prime number?
False
Is 5789271797 composite?
False
Is 112345013387 a prime number?
True
Is 1911602477 composite?
True
Is 222066337 a composite number?
False
Is 1158686863 prime?
True
Is 112803793321 a composite number?
False
Is 38552641 composite?
False
Is 38621282629 a prime number?
True
Is 5995519759 prime?
False
Is 409393961 a composite number?
False
Is 16703080978 a composite number?
True
Is 1169319509 a composite number?
False
Is 7491448051 prime?
False
Is 2613917543 prime?
False
Is 4125423481 prime?
False
Is 29305158301 a prime number?
True
Is 1604496881 a prime number?
False
Is 52968301 prime?
True
Is 3520542533 a prime number?
True
Is 91327541887 a composite number?
False
Is 97889101 prime?
True
Is 751346281 composite?
True
Is 738938517 composite?
True
Is 463686337 prime?
False
Is 627488899 composite?
False
Is 2197603059 prime?
False
Is 100785210733 a composite number?
False
Is 158639651 prime?
False
Is 27182323403 prime?
False
Is 257609971 a composite number?
False
Is 10190361007 prime?
True
Is 494735627 composite?
False
Is 14972434517 prime?
False
Is 282467389 a prime number?
True
Is 3729744637 prime?
False
Is 30959835919 a prime number?
True
Is 8392837399 a prime number?
False
Is 431430367 prime?
True
Is 1067824079 prime?
False
Is 53945569 prime?
True
Is 947361403 a prime number?
True
Is 18360786877 a prime number?
True
Is 268188823 a prime number?
False
Is 15410695 prime?
False
Is 182511978353 prime?
False
Is 129188513 composite?
True
Is 75222806759 prime?
True
Is 8624351831 a composite number?
False
Is 706745681 prime?
False
Is 2086118579 a composite number?
False
Is 168406559 a composite number?
False
Is 2102733219 prime?
False
Is 3262484333 composite?
False
Is 618570727 a prime number?
False
Is 25864388483 prime?
False
Is 10081014571 prime?
False
Is 545088319 composite?
True
Is 4311398789 composite?
False
Is 34405807693 composite?
False
Is 139402106 prime?
False
Is 3252359899 a composite number?
False
Is 180748017181 a prime number?
True
Is 2054858311 a prime number?
False
Is 700544797 composite?
False
Is 523928443 composite?
True
Is 13740408377 composite?
False
Is 65506013 a prime number?
False
Is 106130443 composite?
False
Is 65380609361 a prime number?
True
Is 73477562567 a prime number?
True
Is 35022459581 prime?
True
Is 1224062977 a prime number?
True
Is 25596206243 a prime number?
False
Is 1480685551 prime?
True
Is 70629978487 composite?
True
Is 549985991 composite?
False
Is 2502042529 a composite number?
True
Is 4845577007 prime?
True
Is 12873867415 a composite number?
True
Is 229675951 composite?
True
Is 34099932233 a prime number?
False
Is 25421155213 composite?
True
Is 30619657 prime?
False
Is 117218662217 composite?
False
Is 3641809643 a composite number?
True
Is 5015011901 a composite number?
False